{"id":1902,"date":"2023-09-06T09:49:37","date_gmt":"2023-09-06T07:49:37","guid":{"rendered":"https:\/\/schulen-colditz.de\/oberschule\/?page_id=1902"},"modified":"2025-03-14T10:45:57","modified_gmt":"2025-03-14T09:45:57","slug":"berufsorientierung","status":"publish","type":"page","link":"https:\/\/schulen-colditz.de\/oberschule\/berufsorientierung\/","title":{"rendered":"Berufsorientierung"},"content":{"rendered":"\n<div class=\"wp-block-uagb-container uagb-block-3d7d74b5 alignfull uagb-is-root-container\"><div class=\"uagb-container-inner-blocks-wrap\">\n<h2 class=\"wp-block-heading\">Zentrale Ziele der Berufsorientierung<\/h2>\n\n\n\n<p class=\"wp-block-paragraph\">Gem\u00e4\u00df unserem Leitbild \u201eSicher in die Zukunft\u201c ist es unser Ziel, alle SuS am Ende der 9. bzw. 10. Klasse mit konkreten Berufsvorstellungen oder in eine gew\u00e4hlte weiterf\u00fchrende Bildungseinrichtung zu entlassen. Die SuS setzen sich regelm\u00e4\u00dfig mit ihren F\u00e4higkeiten, St\u00e4rken und Interessen in einer Vielzahl von Ma\u00dfnahmen und Unterrichtsf\u00e4chern auseinander. Sie nutzen alle Informations- und Beratungsangebote und haben vielf\u00e4ltige M\u00f6glichkeiten, um Einblicke in die Arbeitswelt zu gewinnen.<\/p>\n\n\n\n<h2 class=\"wp-block-heading\">\u00dcbersicht \u00fcber unsere Berufsorientierungsma\u00dfnahmen<\/h2>\n\n\n<iframe loading=\"lazy\" class=\"embed-pdf-viewer\" src=\"https:\/\/schulen-colditz.de\/oberschule\/wp-content\/uploads\/sites\/2\/2023\/09\/BO-Konzept_Oberschule-1.pdf\" height=\"1140\" width=\"800\" title=\"Array\"><\/iframe><\/div><\/div>\n\n\n\n<div class=\"wp-block-uagb-container uagb-block-e0a7ad98 alignfull uagb-is-root-container\"><div class=\"uagb-container-inner-blocks-wrap\">\n<div class=\"wp-block-uagb-container uagb-block-c9d7badd\">\n<p class=\"wp-block-paragraph\"><strong>Agentur f\u00fcr Arbeit Grimma<br>Stefanie Gatzsch:<\/strong> Telefon 03437 &#8211; 706207<br>E-Mail: <a href=\"mailto:Stefanie.Gatzsch2@arbeitsagentur.de\" target=\"_blank\" rel=\"noreferrer noopener\">Stefanie.Gatzsch2@arbeitsagentur.de<\/a><br>Nikolaistra\u00dfe 12, 04668 Grimma<\/p>\n<\/div>\n\n\n\n<div class=\"wp-block-uagb-container uagb-block-eecd6981\">\n<p class=\"wp-block-paragraph\"><strong>Praxisberaterin\/Mitarbeiterin im p\u00e4dagogischen Dienst<\/strong><br><strong>Conny Schicketanz<\/strong>: Telefon 034381- 43479<br>E-Mail: <a href=\"mailto:conny.schicketanz@bsw-muldental.de\">conny.schicketanz@bsw-muldental.de<\/a><br>1. OG, Zimmer 1.05, Schulstra\u00dfe 12, 04680 Colditz<\/p>\n\n\n\n<p class=\"wp-block-paragraph\">Sprechzeiten von Montag bis Freitag von 7:30 Uhr bis 13:00 Uhr und nach Vereinbarung. Sie erreichen mich auch in den Ferien.<\/p>\n<\/div>\n<\/div><\/div>\n","protected":false},"excerpt":{"rendered":"<p>Zentrale Ziele der Berufsorientierung Gem\u00e4\u00df unserem Leitbild \u201eSicher in die Zukunft\u201c ist es unser Ziel, alle SuS am Ende der 9. bzw. 10. Klasse mit konkreten Berufsvorstellungen oder&hellip;<\/p>\n","protected":false},"author":4,"featured_media":0,"parent":0,"menu_order":0,"comment_status":"closed","ping_status":"closed","template":"","meta":{"_crdt_document":"","inline_featured_image":false,"_uag_custom_page_level_css":"","pgc_sgb_lightbox_settings":"","footnotes":""},"class_list":["post-1902","page","type-page","status-publish","has-post-thumbnail","hentry"],"yoast_head":"<!-- This site is optimized with the Yoast SEO plugin v27.4 - https:\/\/yoast.com\/product\/yoast-seo-wordpress\/ -->\n<title>Berufsorientierung - Oberschule Colditz<\/title>\n<meta name=\"robots\" content=\"index, follow, max-snippet:-1, max-image-preview:large, max-video-preview:-1\" \/>\n<link rel=\"canonical\" href=\"https:\/\/schulen-colditz.de\/oberschule\/berufsorientierung\/\" \/>\n<meta property=\"og:locale\" content=\"de_DE\" \/>\n<meta property=\"og:type\" content=\"article\" \/>\n<meta property=\"og:title\" content=\"Berufsorientierung - Oberschule Colditz\" \/>\n<meta property=\"og:description\" content=\"Zentrale Ziele der Berufsorientierung Gem\u00e4\u00df unserem Leitbild \u201eSicher in die Zukunft\u201c ist es unser Ziel, alle SuS am Ende der 9. bzw. 10. Klasse mit konkreten Berufsvorstellungen oder&hellip;\" \/>\n<meta property=\"og:url\" content=\"https:\/\/schulen-colditz.de\/oberschule\/berufsorientierung\/\" \/>\n<meta property=\"og:site_name\" content=\"Oberschule Colditz\" \/>\n<meta property=\"article:modified_time\" content=\"2025-03-14T09:45:57+00:00\" \/>\n<meta name=\"twitter:card\" content=\"summary_large_image\" \/>\n<meta name=\"twitter:label1\" content=\"Gesch\u00e4tzte Lesezeit\" \/>\n\t<meta name=\"twitter:data1\" content=\"1\u00a0Minute\" \/>\n<script type=\"application\/ld+json\" class=\"yoast-schema-graph\">{\"@context\":\"https:\\\/\\\/schema.org\",\"@graph\":[{\"@type\":\"WebPage\",\"@id\":\"https:\\\/\\\/schulen-colditz.de\\\/oberschule\\\/berufsorientierung\\\/\",\"url\":\"https:\\\/\\\/schulen-colditz.de\\\/oberschule\\\/berufsorientierung\\\/\",\"name\":\"Berufsorientierung - Oberschule Colditz\",\"isPartOf\":{\"@id\":\"https:\\\/\\\/schulen-colditz.de\\\/oberschule\\\/#website\"},\"datePublished\":\"2023-09-06T07:49:37+00:00\",\"dateModified\":\"2025-03-14T09:45:57+00:00\",\"breadcrumb\":{\"@id\":\"https:\\\/\\\/schulen-colditz.de\\\/oberschule\\\/berufsorientierung\\\/#breadcrumb\"},\"inLanguage\":\"de\",\"potentialAction\":[{\"@type\":\"ReadAction\",\"target\":[\"https:\\\/\\\/schulen-colditz.de\\\/oberschule\\\/berufsorientierung\\\/\"]}]},{\"@type\":\"BreadcrumbList\",\"@id\":\"https:\\\/\\\/schulen-colditz.de\\\/oberschule\\\/berufsorientierung\\\/#breadcrumb\",\"itemListElement\":[{\"@type\":\"ListItem\",\"position\":1,\"name\":\"Startseite\",\"item\":\"https:\\\/\\\/schulen-colditz.de\\\/oberschule\\\/\"},{\"@type\":\"ListItem\",\"position\":2,\"name\":\"Berufsorientierung\"}]},{\"@type\":\"WebSite\",\"@id\":\"https:\\\/\\\/schulen-colditz.de\\\/oberschule\\\/#website\",\"url\":\"https:\\\/\\\/schulen-colditz.de\\\/oberschule\\\/\",\"name\":\"Oberschule Colditz\",\"description\":\"Hier erfahren Sie alles \u00fcber die Ooberschule Colditz\",\"publisher\":{\"@id\":\"https:\\\/\\\/schulen-colditz.de\\\/oberschule\\\/#organization\"},\"potentialAction\":[{\"@type\":\"SearchAction\",\"target\":{\"@type\":\"EntryPoint\",\"urlTemplate\":\"https:\\\/\\\/schulen-colditz.de\\\/oberschule\\\/?s={search_term_string}\"},\"query-input\":{\"@type\":\"PropertyValueSpecification\",\"valueRequired\":true,\"valueName\":\"search_term_string\"}}],\"inLanguage\":\"de\"},{\"@type\":\"Organization\",\"@id\":\"https:\\\/\\\/schulen-colditz.de\\\/oberschule\\\/#organization\",\"name\":\"Oberschule Colditz\",\"url\":\"https:\\\/\\\/schulen-colditz.de\\\/oberschule\\\/\",\"logo\":{\"@type\":\"ImageObject\",\"inLanguage\":\"de\",\"@id\":\"https:\\\/\\\/schulen-colditz.de\\\/oberschule\\\/#\\\/schema\\\/logo\\\/image\\\/\",\"url\":\"https:\\\/\\\/schulen-colditz.de\\\/oberschule\\\/wp-content\\\/uploads\\\/sites\\\/2\\\/2019\\\/08\\\/cropped-logo-oberschule-1.png\",\"contentUrl\":\"https:\\\/\\\/schulen-colditz.de\\\/oberschule\\\/wp-content\\\/uploads\\\/sites\\\/2\\\/2019\\\/08\\\/cropped-logo-oberschule-1.png\",\"width\":6815,\"height\":1405,\"caption\":\"Oberschule Colditz\"},\"image\":{\"@id\":\"https:\\\/\\\/schulen-colditz.de\\\/oberschule\\\/#\\\/schema\\\/logo\\\/image\\\/\"}}]}<\/script>\n<!-- \/ Yoast SEO plugin. -->","yoast_head_json":{"title":"Berufsorientierung - Oberschule Colditz","robots":{"index":"index","follow":"follow","max-snippet":"max-snippet:-1","max-image-preview":"max-image-preview:large","max-video-preview":"max-video-preview:-1"},"canonical":"https:\/\/schulen-colditz.de\/oberschule\/berufsorientierung\/","og_locale":"de_DE","og_type":"article","og_title":"Berufsorientierung - Oberschule Colditz","og_description":"Zentrale Ziele der Berufsorientierung Gem\u00e4\u00df unserem Leitbild \u201eSicher in die Zukunft\u201c ist es unser Ziel, alle SuS am Ende der 9. bzw. 10. Klasse mit konkreten Berufsvorstellungen oder&hellip;","og_url":"https:\/\/schulen-colditz.de\/oberschule\/berufsorientierung\/","og_site_name":"Oberschule Colditz","article_modified_time":"2025-03-14T09:45:57+00:00","twitter_card":"summary_large_image","twitter_misc":{"Gesch\u00e4tzte Lesezeit":"1\u00a0Minute"},"schema":{"@context":"https:\/\/schema.org","@graph":[{"@type":"WebPage","@id":"https:\/\/schulen-colditz.de\/oberschule\/berufsorientierung\/","url":"https:\/\/schulen-colditz.de\/oberschule\/berufsorientierung\/","name":"Berufsorientierung - Oberschule Colditz","isPartOf":{"@id":"https:\/\/schulen-colditz.de\/oberschule\/#website"},"datePublished":"2023-09-06T07:49:37+00:00","dateModified":"2025-03-14T09:45:57+00:00","breadcrumb":{"@id":"https:\/\/schulen-colditz.de\/oberschule\/berufsorientierung\/#breadcrumb"},"inLanguage":"de","potentialAction":[{"@type":"ReadAction","target":["https:\/\/schulen-colditz.de\/oberschule\/berufsorientierung\/"]}]},{"@type":"BreadcrumbList","@id":"https:\/\/schulen-colditz.de\/oberschule\/berufsorientierung\/#breadcrumb","itemListElement":[{"@type":"ListItem","position":1,"name":"Startseite","item":"https:\/\/schulen-colditz.de\/oberschule\/"},{"@type":"ListItem","position":2,"name":"Berufsorientierung"}]},{"@type":"WebSite","@id":"https:\/\/schulen-colditz.de\/oberschule\/#website","url":"https:\/\/schulen-colditz.de\/oberschule\/","name":"Oberschule Colditz","description":"Hier erfahren Sie alles \u00fcber die Ooberschule Colditz","publisher":{"@id":"https:\/\/schulen-colditz.de\/oberschule\/#organization"},"potentialAction":[{"@type":"SearchAction","target":{"@type":"EntryPoint","urlTemplate":"https:\/\/schulen-colditz.de\/oberschule\/?s={search_term_string}"},"query-input":{"@type":"PropertyValueSpecification","valueRequired":true,"valueName":"search_term_string"}}],"inLanguage":"de"},{"@type":"Organization","@id":"https:\/\/schulen-colditz.de\/oberschule\/#organization","name":"Oberschule Colditz","url":"https:\/\/schulen-colditz.de\/oberschule\/","logo":{"@type":"ImageObject","inLanguage":"de","@id":"https:\/\/schulen-colditz.de\/oberschule\/#\/schema\/logo\/image\/","url":"https:\/\/schulen-colditz.de\/oberschule\/wp-content\/uploads\/sites\/2\/2019\/08\/cropped-logo-oberschule-1.png","contentUrl":"https:\/\/schulen-colditz.de\/oberschule\/wp-content\/uploads\/sites\/2\/2019\/08\/cropped-logo-oberschule-1.png","width":6815,"height":1405,"caption":"Oberschule Colditz"},"image":{"@id":"https:\/\/schulen-colditz.de\/oberschule\/#\/schema\/logo\/image\/"}}]}},"uagb_featured_image_src":{"full":false,"thumbnail":false,"medium":false,"medium_large":false,"large":false,"1536x1536":false,"2048x2048":false,"post-thumbnail":false,"chaplin_preview_image_low_resolution":false,"chaplin_preview_image_high_resolution":false,"chaplin_fullscreen":false,"400x250-crop":false},"uagb_author_info":{"display_name":"wasner","author_link":"https:\/\/schulen-colditz.de\/oberschule\/author\/wasner\/"},"uagb_comment_info":0,"uagb_excerpt":"Zentrale Ziele der Berufsorientierung Gem\u00e4\u00df unserem Leitbild \u201eSicher in die Zukunft\u201c ist es unser Ziel, alle SuS am Ende der 9. bzw. 10. Klasse mit konkreten Berufsvorstellungen oder&hellip;","_links":{"self":[{"href":"https:\/\/schulen-colditz.de\/oberschule\/wp-json\/wp\/v2\/pages\/1902","targetHints":{"allow":["GET"]}}],"collection":[{"href":"https:\/\/schulen-colditz.de\/oberschule\/wp-json\/wp\/v2\/pages"}],"about":[{"href":"https:\/\/schulen-colditz.de\/oberschule\/wp-json\/wp\/v2\/types\/page"}],"author":[{"embeddable":true,"href":"https:\/\/schulen-colditz.de\/oberschule\/wp-json\/wp\/v2\/users\/4"}],"replies":[{"embeddable":true,"href":"https:\/\/schulen-colditz.de\/oberschule\/wp-json\/wp\/v2\/comments?post=1902"}],"version-history":[{"count":0,"href":"https:\/\/schulen-colditz.de\/oberschule\/wp-json\/wp\/v2\/pages\/1902\/revisions"}],"wp:attachment":[{"href":"https:\/\/schulen-colditz.de\/oberschule\/wp-json\/wp\/v2\/media?parent=1902"}],"curies":[{"name":"wp","href":"https:\/\/api.w.org\/{rel}","templated":true}]}}

<div class="wp-block-uagb-container uagb-block-3d7d74b5 alignfull uagb-is-root-container"><div class="uagb-container-inner-blocks-wrap">
<h2 class="wp-block-heading">Zentrale Ziele der Berufsorientierung</h2>



<p class="wp-block-paragraph">Gemäß unserem Leitbild „Sicher in die Zukunft“ ist es unser Ziel, alle SuS am Ende der 9. bzw. 10. Klasse mit konkreten Berufsvorstellungen oder in eine gewählte weiterführende Bildungseinrichtung zu entlassen. Die SuS setzen sich regelmäßig mit ihren Fähigkeiten, Stärken und Interessen in einer Vielzahl von Maßnahmen und Unterrichtsfächern auseinander. Sie nutzen alle Informations- und Beratungsangebote und haben vielfältige Möglichkeiten, um Einblicke in die Arbeitswelt zu gewinnen.</p>



<h2 class="wp-block-heading">Übersicht über unsere Berufsorientierungsmaßnahmen</h2>


<iframe loading="lazy" class="embed-pdf-viewer" src="https://schulen-colditz.de/oberschule/wp-content/uploads/sites/2/2023/09/BO-Konzept_Oberschule-1.pdf" height="1140" width="800" title="Array"></iframe></div></div>



<div class="wp-block-uagb-container uagb-block-e0a7ad98 alignfull uagb-is-root-container"><div class="uagb-container-inner-blocks-wrap">
<div class="wp-block-uagb-container uagb-block-c9d7badd">
<p class="wp-block-paragraph"><strong>Agentur für Arbeit Grimma<br>Stefanie Gatzsch:</strong> Telefon 03437 &#8211; 706207<br>E-Mail: <a href="mailto:Stefanie.Gatzsch2@arbeitsagentur.de" target="_blank" rel="noreferrer noopener">Stefanie.Gatzsch2@arbeitsagentur.de</a><br>Nikolaistraße 12, 04668 Grimma</p>
</div>



<div class="wp-block-uagb-container uagb-block-eecd6981">
<p class="wp-block-paragraph"><strong>Praxisberaterin/Mitarbeiterin im pädagogischen Dienst</strong><br><strong>Conny Schicketanz</strong>: Telefon 034381- 43479<br>E-Mail: <a href="mailto:conny.schicketanz@bsw-muldental.de">conny.schicketanz@bsw-muldental.de</a><br>1. OG, Zimmer 1.05, Schulstraße 12, 04680 Colditz</p>



<p class="wp-block-paragraph">Sprechzeiten von Montag bis Freitag von 7:30 Uhr bis 13:00 Uhr und nach Vereinbarung. Sie erreichen mich auch in den Ferien.</p>
</div>
</div></div>

<p>Zentrale Ziele der Berufsorientierung Gemäß unserem Leitbild „Sicher in die Zukunft“ ist es unser Ziel, alle SuS am Ende der 9. bzw. 10. Klasse mit konkreten Berufsvorstellungen oder&hellip;</p>

<!-- This site is optimized with the Yoast SEO plugin v27.4 - https://yoast.com/product/yoast-seo-wordpress/ -->
<title>Berufsorientierung - Oberschule Colditz</title>
<meta name="robots" content="index, follow, max-snippet:-1, max-image-preview:large, max-video-preview:-1" />
<link rel="canonical" href="https://schulen-colditz.de/oberschule/berufsorientierung/" />
<meta property="og:locale" content="de_DE" />
<meta property="og:type" content="article" />
<meta property="og:title" content="Berufsorientierung - Oberschule Colditz" />
<meta property="og:description" content="Zentrale Ziele der Berufsorientierung Gemäß unserem Leitbild „Sicher in die Zukunft“ ist es unser Ziel, alle SuS am Ende der 9. bzw. 10. Klasse mit konkreten Berufsvorstellungen oder&hellip;" />
<meta property="og:url" content="https://schulen-colditz.de/oberschule/berufsorientierung/" />
<meta property="og:site_name" content="Oberschule Colditz" />
<meta property="article:modified_time" content="2025-03-14T09:45:57+00:00" />
<meta name="twitter:card" content="summary_large_image" />
<meta name="twitter:label1" content="Geschätzte Lesezeit" />
	<meta name="twitter:data1" content="1 Minute" />
<script type="application/ld+json" class="yoast-schema-graph">{"@context":"https:\/\/schema.org","@graph":[{"@type":"WebPage","@id":"https:\/\/schulen-colditz.de\/oberschule\/berufsorientierung\/","url":"https:\/\/schulen-colditz.de\/oberschule\/berufsorientierung\/","name":"Berufsorientierung - Oberschule Colditz","isPartOf":{"@id":"https:\/\/schulen-colditz.de\/oberschule\/#website"},"datePublished":"2023-09-06T07:49:37+00:00","dateModified":"2025-03-14T09:45:57+00:00","breadcrumb":{"@id":"https:\/\/schulen-colditz.de\/oberschule\/berufsorientierung\/#breadcrumb"},"inLanguage":"de","potentialAction":[{"@type":"ReadAction","target":["https:\/\/schulen-colditz.de\/oberschule\/berufsorientierung\/"]}]},{"@type":"BreadcrumbList","@id":"https:\/\/schulen-colditz.de\/oberschule\/berufsorientierung\/#breadcrumb","itemListElement":[{"@type":"ListItem","position":1,"name":"Startseite","item":"https:\/\/schulen-colditz.de\/oberschule\/"},{"@type":"ListItem","position":2,"name":"Berufsorientierung"}]},{"@type":"WebSite","@id":"https:\/\/schulen-colditz.de\/oberschule\/#website","url":"https:\/\/schulen-colditz.de\/oberschule\/","name":"Oberschule Colditz","description":"Hier erfahren Sie alles über die Ooberschule Colditz","publisher":{"@id":"https:\/\/schulen-colditz.de\/oberschule\/#organization"},"potentialAction":[{"@type":"SearchAction","target":{"@type":"EntryPoint","urlTemplate":"https:\/\/schulen-colditz.de\/oberschule\/?s={search_term_string}"},"query-input":{"@type":"PropertyValueSpecification","valueRequired":true,"valueName":"search_term_string"}}],"inLanguage":"de"},{"@type":"Organization","@id":"https:\/\/schulen-colditz.de\/oberschule\/#organization","name":"Oberschule Colditz","url":"https:\/\/schulen-colditz.de\/oberschule\/","logo":{"@type":"ImageObject","inLanguage":"de","@id":"https:\/\/schulen-colditz.de\/oberschule\/#\/schema\/logo\/image\/","url":"https:\/\/schulen-colditz.de\/oberschule\/wp-content\/uploads\/sites\/2\/2019\/08\/cropped-logo-oberschule-1.png","contentUrl":"https:\/\/schulen-colditz.de\/oberschule\/wp-content\/uploads\/sites\/2\/2019\/08\/cropped-logo-oberschule-1.png","width":6815,"height":1405,"caption":"Oberschule Colditz"},"image":{"@id":"https:\/\/schulen-colditz.de\/oberschule\/#\/schema\/logo\/image\/"}}]}</script>
<!-- / Yoast SEO plugin. -->

Zentrale Ziele der Berufsorientierung Gemäß unserem Leitbild „Sicher in die Zukunft“ ist es unser Ziel, alle SuS am Ende der 9. bzw. 10. Klasse mit konkreten Berufsvorstellungen oder&hellip;

Hier erfahren Sie alles über die Ooberschule Colditz
