{"id":406,"date":"2021-02-13T08:56:17","date_gmt":"2021-02-13T07:56:17","guid":{"rendered":"https:\/\/schulen-colditz.de\/grundschulehausdorf\/?page_id=406"},"modified":"2024-02-01T16:47:03","modified_gmt":"2024-02-01T15:47:03","slug":"unsere-schule","status":"publish","type":"page","link":"https:\/\/schulen-colditz.de\/grundschulehausdorf\/unsere-schule\/","title":{"rendered":"Unsere Schule"},"content":{"rendered":"\n<div class=\"wp-block-group alignwide\"><div class=\"wp-block-group__inner-container is-layout-flow wp-block-group-is-layout-flow\">\n<div class=\"wp-block-columns alignwide is-layout-flex wp-container-core-columns-is-layout-8f761849 wp-block-columns-is-layout-flex\">\n<div class=\"wp-block-column is-layout-flow wp-block-column-is-layout-flow\">\n<h2 class=\"wp-block-heading\" id=\"unser-hort\">Unser Hort<\/h2>\n\n\n\n<p class=\"wp-block-paragraph\">Der Hort der Grundschule Hausdorf in Tr\u00e4gerschaft des L\u00e4ndlichen Leben e.V. ist mit auf dem Gel\u00e4nde der Grundschule Hausdorf untergebracht. Dadurch haben die Kinder kurze Wege. Die Hortbetreuung erfolgt in klassen\u00fcbergreifenden Gruppen und beginnt nach der vierten Stunde.<\/p>\n\n\n\n<p class=\"wp-block-paragraph\">Der Hort unserer Schule betreut auch in den Ferien.<\/p>\n\n\n\n<p class=\"wp-block-paragraph\">\u00d6ffnungszeiten: 06:00 Uhr \u2013 07:00 Uhr, 11:00 Uhr \u2013 17:00 <\/p>\n\n\n\n<p class=\"wp-block-paragraph\">Leiterin: Frau Berger <br>Kontakt Telefon: 034381\/44410 o. <br> 034381\/55218 (ab 11:00 Uhr)<\/p>\n<\/div>\n\n\n\n<div class=\"wp-block-column is-layout-flow wp-block-column-is-layout-flow\">\n<h2 class=\"wp-block-heading\" id=\"eu-schulprogramm\">EU-Schulprogramm<\/h2>\n\n\n\n<p class=\"wp-block-paragraph\">Unsere Schule nimmt am EU-Schulprogramm teil. Durch dieses Programm erhalten alle Kinder einmal in der Woche eine kostenlose Portion Obst oder Gem\u00fcse.<\/p>\n\n\n\n<figure class=\"wp-block-image size-full is-resized\"><img loading=\"lazy\" decoding=\"async\" width=\"379\" height=\"533\" src=\"https:\/\/schulen-colditz.de\/grundschulehausdorf\/wp-content\/uploads\/sites\/4\/2024\/02\/Screenshot-2024-02-01-162934.png\" alt=\"\" class=\"wp-image-940\" style=\"width:214px;height:auto\" srcset=\"https:\/\/schulen-colditz.de\/grundschulehausdorf\/wp-content\/uploads\/sites\/4\/2024\/02\/Screenshot-2024-02-01-162934.png 379w, https:\/\/schulen-colditz.de\/grundschulehausdorf\/wp-content\/uploads\/sites\/4\/2024\/02\/Screenshot-2024-02-01-162934-213x300.png 213w\" sizes=\"auto, (max-width: 379px) 100vw, 379px\" \/><\/figure>\n<\/div>\n<\/div>\n<\/div><\/div>\n\n\n\n<div class=\"wp-block-columns alignwide is-layout-flex wp-container-core-columns-is-layout-8f761849 wp-block-columns-is-layout-flex\">\n<div class=\"wp-block-column is-layout-flow wp-block-column-is-layout-flow\">\n<h2 class=\"wp-block-heading\" id=\"gta-angebote\">GTA Angebote<\/h2>\n\n\n\n<p class=\"wp-block-paragraph\">Die Ganztagsangebote an unserer Schule finden jeweils in der Zeit von 13:45 Uhr bis 15:15 Uhr statt.<\/p>\n\n\n\n<p class=\"wp-block-paragraph\">Diese Ma\u00dfnahme wird mitfinanziert durch Steuermittel auf der Grundlage des von den Abgeordneten des S\u00e4chsischen Landtags beschlossenen Haushaltes.<\/p>\n\n\n<div ><style>#sp-ea-880 .spcollapsing { height: 0; overflow: hidden; transition-property: height;transition-duration: 300ms;}#sp-ea-880.sp-easy-accordion>.sp-ea-single {margin-bottom: 10px; border: 1px solid #e2e2e2; }#sp-ea-880.sp-easy-accordion>.sp-ea-single>.ea-header a {color: #444;}#sp-ea-880.sp-easy-accordion>.sp-ea-single>.sp-collapse>.ea-body {background: #fff; color: #444;}#sp-ea-880.sp-easy-accordion>.sp-ea-single {background: #eee;}#sp-ea-880.sp-easy-accordion>.sp-ea-single>.ea-header a .ea-expand-icon { float: left; color: #444;font-size: 16px;}<\/style><div id=\"sp_easy_accordion-1705330599\"><div id=\"sp-ea-880\" class=\"sp-ea-one sp-easy-accordion\" data-ea-active=\"ea-click\" data-ea-mode=\"vertical\" data-preloader=\"\" data-scroll-active-item=\"\" data-offset-to-scroll=\"0\"><div class=\"ea-card ea-expand sp-ea-single\"><h3 class=\"ea-header\"><a class=\"collapsed\" id=\"ea-header-8800\" role=\"button\" data-sptoggle=\"spcollapse\" data-sptarget=\"#collapse8800\" aria-controls=\"collapse8800\" href=\"#\" aria-expanded=\"true\" tabindex=\"0\"><i aria-hidden=\"true\" role=\"presentation\" class=\"ea-expand-icon eap-icon-ea-expand-minus\"><\/i> Montag<\/a><\/h3><div class=\"sp-collapse spcollapse collapsed show\" id=\"collapse8800\" data-parent=\"#sp-ea-880\" role=\"region\" aria-labelledby=\"ea-header-8800\"> <div class=\"ea-body\"><p>Angebot von 13:45 Uhr &#8211; 15:15 Uhr<\/p><p>Sport und Spiel f\u00fcr Klasse 1+2<br \/>13:45 Uhr &#8211; 14:30 Uhr<\/p><p>Sport und Spiel f\u00fcr Klasse 3+4<br \/>14:30 Uhr &#8211; 15:15 Uhr<\/p><p>Kleine Landwirte<br \/>Klasse 1-4, max 8 Kinder Gruppe A+B<\/p><\/div><\/div><\/div><div class=\"ea-card sp-ea-single\"><h3 class=\"ea-header\"><a class=\"collapsed\" id=\"ea-header-8801\" role=\"button\" data-sptoggle=\"spcollapse\" data-sptarget=\"#collapse8801\" aria-controls=\"collapse8801\" href=\"#\" aria-expanded=\"false\" tabindex=\"0\"><i aria-hidden=\"true\" role=\"presentation\" class=\"ea-expand-icon eap-icon-ea-expand-plus\"><\/i> Dienstag<\/a><\/h3><div class=\"sp-collapse spcollapse \" id=\"collapse8801\" data-parent=\"#sp-ea-880\" role=\"region\" aria-labelledby=\"ea-header-8801\"> <div class=\"ea-body\"><p>Angebot von 13:45 Uhr bis 15:15 Uhr<\/p><p>Ger\u00e4teturnen<br \/>nur M\u00e4dchen, Klasse 2-4, max. 20 Kinder<\/p><p>Krativ AG, max. 15 Kinder<\/p><\/div><\/div><\/div><div class=\"ea-card sp-ea-single\"><h3 class=\"ea-header\"><a class=\"collapsed\" id=\"ea-header-8802\" role=\"button\" data-sptoggle=\"spcollapse\" data-sptarget=\"#collapse8802\" aria-controls=\"collapse8802\" href=\"#\" aria-expanded=\"false\" tabindex=\"0\"><i aria-hidden=\"true\" role=\"presentation\" class=\"ea-expand-icon eap-icon-ea-expand-plus\"><\/i> Mittwoch<\/a><\/h3><div class=\"sp-collapse spcollapse \" id=\"collapse8802\" data-parent=\"#sp-ea-880\" role=\"region\" aria-labelledby=\"ea-header-8802\"> <div class=\"ea-body\"><p>Angebot von 13:45 Uhr &#8211; 15:15 Uhr<\/p><p>Tischtennis<br \/>f\u00fcr Klasse 2, 13:45 Uhr &#8211; 14:30 Uhr<\/p><p>Tischtennis<br \/>f\u00fcr Klasse 3+4, 14:30 Uhr &#8211; 15:15 Uhr<\/p><p>Nadel und Faden<br \/>f\u00fcr Klasse 1 \/ Klasse 2 \/ Klasse 4<br \/>13:45 Uhr &#8211; 14:30 Uhr<br \/>f\u00fcr Klasse 3 \/ 14:30 Uhr &#8211; 15:15 Uhr<\/p><\/div><\/div><\/div><div class=\"ea-card sp-ea-single\"><h3 class=\"ea-header\"><a class=\"collapsed\" id=\"ea-header-8803\" role=\"button\" data-sptoggle=\"spcollapse\" data-sptarget=\"#collapse8803\" aria-controls=\"collapse8803\" href=\"#\" aria-expanded=\"false\" tabindex=\"0\"><i aria-hidden=\"true\" role=\"presentation\" class=\"ea-expand-icon eap-icon-ea-expand-plus\"><\/i> Donnerstag<\/a><\/h3><div class=\"sp-collapse spcollapse \" id=\"collapse8803\" data-parent=\"#sp-ea-880\" role=\"region\" aria-labelledby=\"ea-header-8803\"> <div class=\"ea-body\"><p>Angebot von 13:45 Uhr &#8211; 15:15 Uhr<\/p><p>Tanz<\/p><p>Kirche kunterbunt<\/p><\/div><\/div><\/div><\/div><\/div><\/div><\/div>\n\n\n\n<div class=\"wp-block-column is-layout-flow wp-block-column-is-layout-flow\">\n<h2 class=\"wp-block-heading\" id=\"unsere-raume\">Unsere R\u00e4ume<\/h2>\n\n\n\n<p class=\"wp-block-paragraph\">Unsere Schule ist ausgestattet mit 6 Klassenzimmern, Werkraum, Speisesaal, Turnhalle (Arche), Schulgarten und einem gro\u00dfen Schulhof.<\/p>\n\n\n\n<figure class=\"wp-block-image size-full\"><img loading=\"lazy\" decoding=\"async\" width=\"640\" height=\"427\" src=\"https:\/\/schulen-colditz.de\/grundschulehausdorf\/wp-content\/uploads\/sites\/4\/2021\/11\/IMG_7625-1.jpeg\" alt=\"Klassenraum\" class=\"wp-image-620\" srcset=\"https:\/\/schulen-colditz.de\/grundschulehausdorf\/wp-content\/uploads\/sites\/4\/2021\/11\/IMG_7625-1.jpeg 640w, https:\/\/schulen-colditz.de\/grundschulehausdorf\/wp-content\/uploads\/sites\/4\/2021\/11\/IMG_7625-1-300x200.jpeg 300w, https:\/\/schulen-colditz.de\/grundschulehausdorf\/wp-content\/uploads\/sites\/4\/2021\/11\/IMG_7625-1-540x360.jpeg 540w\" sizes=\"auto, (max-width: 640px) 100vw, 640px\" \/><\/figure>\n<\/div>\n<\/div>\n\n\n\n<div class=\"wp-block-uagb-container uagb-block-36a8b0b8 alignfull uagb-is-root-container\"><div class=\"uagb-container-inner-blocks-wrap\">\n<h2 class=\"wp-block-heading\">Unterrichtszeiten Grundschule Hausdorf<\/h2>\n\n\n\n<table id=\"tablepress-2\" class=\"tablepress tablepress-id-2\">\n<thead>\n<tr class=\"row-1\">\n\t<th class=\"column-1\">Stunde<\/th><th class=\"column-2\">Zeit<\/th>\n<\/tr>\n<\/thead>\n<tbody class=\"row-striping row-hover\">\n<tr class=\"row-2\">\n\t<td class=\"column-1\">1. Stunde<\/td><td class=\"column-2\">07:30 Uhr &#8211; 08:15 Uhr<\/td>\n<\/tr>\n<tr class=\"row-3\">\n\t<td class=\"column-1\"><\/td><td class=\"column-2\">10 min. Pause<\/td>\n<\/tr>\n<tr class=\"row-4\">\n\t<td class=\"column-1\">2. Stunde<\/td><td class=\"column-2\">08:25 Uhr &#8211; 09:10 Uhr<\/td>\n<\/tr>\n<tr class=\"row-5\">\n\t<td class=\"column-1\"><\/td><td class=\"column-2\">20 min. Pause<\/td>\n<\/tr>\n<tr class=\"row-6\">\n\t<td class=\"column-1\">3. Stunde<\/td><td class=\"column-2\">09:30 Uhr &#8211; 10:15 Uhr<\/td>\n<\/tr>\n<tr class=\"row-7\">\n\t<td class=\"column-1\"><\/td><td class=\"column-2\">10 min. Pause<\/td>\n<\/tr>\n<tr class=\"row-8\">\n\t<td class=\"column-1\">4. Stunde<\/td><td class=\"column-2\">10:25 Uhr &#8211; 11:10 Uhr<\/td>\n<\/tr>\n<tr class=\"row-9\">\n\t<td class=\"column-1\"><\/td><td class=\"column-2\">Mittagspause 30 min.<\/td>\n<\/tr>\n<tr class=\"row-10\">\n\t<td class=\"column-1\">5. Stunde<\/td><td class=\"column-2\">11:40 Uhr &#8211; 12:25 Uhr<\/td>\n<\/tr>\n<tr class=\"row-11\">\n\t<td class=\"column-1\"><\/td><td class=\"column-2\">5 min. Pause<\/td>\n<\/tr>\n<tr class=\"row-12\">\n\t<td class=\"column-1\">6. Stunde<\/td><td class=\"column-2\">12:30 Uhr &#8211; 13:15 Uhr<\/td>\n<\/tr>\n<\/tbody>\n<\/table>\n<!-- #tablepress-2 from cache --><\/div><\/div>\n","protected":false},"excerpt":{"rendered":"<p>Unser Hort Der Hort der Grundschule Hausdorf in Tr\u00e4gerschaft des L\u00e4ndlichen Leben e.V. ist mit auf dem Gel\u00e4nde der Grundschule Hausdorf untergebracht. Dadurch haben die Kinder kurze Wege.&hellip;<\/p>\n","protected":false},"author":4,"featured_media":0,"parent":0,"menu_order":0,"comment_status":"closed","ping_status":"closed","template":"","meta":{"_crdt_document":"","inline_featured_image":false,"_uag_custom_page_level_css":"","pgc_sgb_lightbox_settings":"","footnotes":""},"class_list":["post-406","page","type-page","status-publish","has-post-thumbnail","hentry"],"yoast_head":"<!-- This site is optimized with the Yoast SEO plugin v27.5 - https:\/\/yoast.com\/product\/yoast-seo-wordpress\/ -->\n<title>Unsere Schule - Grundschule Hausdorf<\/title>\n<meta name=\"description\" content=\"Unsere Schule nimmt am EU-Schulprogramm teil. Durch dieses Programm erhalten alle Kinder einmal in der Woche eine kostenlose Portion Obst oder Gem\u00fcse.\" \/>\n<meta name=\"robots\" content=\"index, follow, max-snippet:-1, max-image-preview:large, max-video-preview:-1\" \/>\n<link rel=\"canonical\" href=\"https:\/\/schulen-colditz.de\/grundschulehausdorf\/unsere-schule\/\" \/>\n<meta property=\"og:locale\" content=\"de_DE\" \/>\n<meta property=\"og:type\" content=\"article\" \/>\n<meta property=\"og:title\" content=\"Unsere Schule - Grundschule Hausdorf\" \/>\n<meta property=\"og:description\" content=\"Unsere Schule nimmt am EU-Schulprogramm teil. Durch dieses Programm erhalten alle Kinder einmal in der Woche eine kostenlose Portion Obst oder Gem\u00fcse.\" \/>\n<meta property=\"og:url\" content=\"https:\/\/schulen-colditz.de\/grundschulehausdorf\/unsere-schule\/\" \/>\n<meta property=\"og:site_name\" content=\"Grundschule Hausdorf\" \/>\n<meta property=\"article:modified_time\" content=\"2024-02-01T15:47:03+00:00\" \/>\n<meta property=\"og:image\" content=\"https:\/\/schulen-colditz.de\/grundschulehausdorf\/wp-content\/uploads\/sites\/4\/2024\/02\/Screenshot-2024-02-01-162934.png\" \/>\n<meta name=\"twitter:card\" content=\"summary_large_image\" \/>\n<meta name=\"twitter:label1\" content=\"Gesch\u00e4tzte Lesezeit\" \/>\n\t<meta name=\"twitter:data1\" content=\"2\u00a0Minuten\" \/>\n<script type=\"application\/ld+json\" class=\"yoast-schema-graph\">{\"@context\":\"https:\\\/\\\/schema.org\",\"@graph\":[{\"@type\":\"WebPage\",\"@id\":\"https:\\\/\\\/schulen-colditz.de\\\/grundschulehausdorf\\\/unsere-schule\\\/\",\"url\":\"https:\\\/\\\/schulen-colditz.de\\\/grundschulehausdorf\\\/unsere-schule\\\/\",\"name\":\"Unsere Schule - Grundschule Hausdorf\",\"isPartOf\":{\"@id\":\"https:\\\/\\\/schulen-colditz.de\\\/grundschulehausdorf\\\/#website\"},\"primaryImageOfPage\":{\"@id\":\"https:\\\/\\\/schulen-colditz.de\\\/grundschulehausdorf\\\/unsere-schule\\\/#primaryimage\"},\"image\":{\"@id\":\"https:\\\/\\\/schulen-colditz.de\\\/grundschulehausdorf\\\/unsere-schule\\\/#primaryimage\"},\"thumbnailUrl\":\"https:\\\/\\\/schulen-colditz.de\\\/grundschulehausdorf\\\/wp-content\\\/uploads\\\/sites\\\/4\\\/2024\\\/02\\\/Screenshot-2024-02-01-162934.png\",\"datePublished\":\"2021-02-13T07:56:17+00:00\",\"dateModified\":\"2024-02-01T15:47:03+00:00\",\"description\":\"Unsere Schule nimmt am EU-Schulprogramm teil. Durch dieses Programm erhalten alle Kinder einmal in der Woche eine kostenlose Portion Obst oder Gem\u00fcse.\",\"breadcrumb\":{\"@id\":\"https:\\\/\\\/schulen-colditz.de\\\/grundschulehausdorf\\\/unsere-schule\\\/#breadcrumb\"},\"inLanguage\":\"de\",\"potentialAction\":[{\"@type\":\"ReadAction\",\"target\":[\"https:\\\/\\\/schulen-colditz.de\\\/grundschulehausdorf\\\/unsere-schule\\\/\"]}]},{\"@type\":\"ImageObject\",\"inLanguage\":\"de\",\"@id\":\"https:\\\/\\\/schulen-colditz.de\\\/grundschulehausdorf\\\/unsere-schule\\\/#primaryimage\",\"url\":\"https:\\\/\\\/schulen-colditz.de\\\/grundschulehausdorf\\\/wp-content\\\/uploads\\\/sites\\\/4\\\/2024\\\/02\\\/Screenshot-2024-02-01-162934.png\",\"contentUrl\":\"https:\\\/\\\/schulen-colditz.de\\\/grundschulehausdorf\\\/wp-content\\\/uploads\\\/sites\\\/4\\\/2024\\\/02\\\/Screenshot-2024-02-01-162934.png\",\"width\":379,\"height\":533},{\"@type\":\"BreadcrumbList\",\"@id\":\"https:\\\/\\\/schulen-colditz.de\\\/grundschulehausdorf\\\/unsere-schule\\\/#breadcrumb\",\"itemListElement\":[{\"@type\":\"ListItem\",\"position\":1,\"name\":\"Startseite\",\"item\":\"https:\\\/\\\/schulen-colditz.de\\\/grundschulehausdorf\\\/\"},{\"@type\":\"ListItem\",\"position\":2,\"name\":\"Unsere Schule\"}]},{\"@type\":\"WebSite\",\"@id\":\"https:\\\/\\\/schulen-colditz.de\\\/grundschulehausdorf\\\/#website\",\"url\":\"https:\\\/\\\/schulen-colditz.de\\\/grundschulehausdorf\\\/\",\"name\":\"Grundschule Hausdorf\",\"description\":\"Hier erfahren Sie alles \u00fcber die Grundschule Hausdorf\",\"publisher\":{\"@id\":\"https:\\\/\\\/schulen-colditz.de\\\/grundschulehausdorf\\\/#organization\"},\"potentialAction\":[{\"@type\":\"SearchAction\",\"target\":{\"@type\":\"EntryPoint\",\"urlTemplate\":\"https:\\\/\\\/schulen-colditz.de\\\/grundschulehausdorf\\\/?s={search_term_string}\"},\"query-input\":{\"@type\":\"PropertyValueSpecification\",\"valueRequired\":true,\"valueName\":\"search_term_string\"}}],\"inLanguage\":\"de\"},{\"@type\":\"Organization\",\"@id\":\"https:\\\/\\\/schulen-colditz.de\\\/grundschulehausdorf\\\/#organization\",\"name\":\"Grundschule Hausdorf\",\"url\":\"https:\\\/\\\/schulen-colditz.de\\\/grundschulehausdorf\\\/\",\"logo\":{\"@type\":\"ImageObject\",\"inLanguage\":\"de\",\"@id\":\"https:\\\/\\\/schulen-colditz.de\\\/grundschulehausdorf\\\/#\\\/schema\\\/logo\\\/image\\\/\",\"url\":\"https:\\\/\\\/schulen-colditz.de\\\/grundschulehausdorf\\\/wp-content\\\/uploads\\\/sites\\\/4\\\/2019\\\/08\\\/cropped-logo-hausdorf.png\",\"contentUrl\":\"https:\\\/\\\/schulen-colditz.de\\\/grundschulehausdorf\\\/wp-content\\\/uploads\\\/sites\\\/4\\\/2019\\\/08\\\/cropped-logo-hausdorf.png\",\"width\":6815,\"height\":1405,\"caption\":\"Grundschule Hausdorf\"},\"image\":{\"@id\":\"https:\\\/\\\/schulen-colditz.de\\\/grundschulehausdorf\\\/#\\\/schema\\\/logo\\\/image\\\/\"}}]}<\/script>\n<!-- \/ Yoast SEO plugin. -->","yoast_head_json":{"title":"Unsere Schule - Grundschule Hausdorf","description":"Unsere Schule nimmt am EU-Schulprogramm teil. Durch dieses Programm erhalten alle Kinder einmal in der Woche eine kostenlose Portion Obst oder Gem\u00fcse.","robots":{"index":"index","follow":"follow","max-snippet":"max-snippet:-1","max-image-preview":"max-image-preview:large","max-video-preview":"max-video-preview:-1"},"canonical":"https:\/\/schulen-colditz.de\/grundschulehausdorf\/unsere-schule\/","og_locale":"de_DE","og_type":"article","og_title":"Unsere Schule - Grundschule Hausdorf","og_description":"Unsere Schule nimmt am EU-Schulprogramm teil. Durch dieses Programm erhalten alle Kinder einmal in der Woche eine kostenlose Portion Obst oder Gem\u00fcse.","og_url":"https:\/\/schulen-colditz.de\/grundschulehausdorf\/unsere-schule\/","og_site_name":"Grundschule Hausdorf","article_modified_time":"2024-02-01T15:47:03+00:00","og_image":[{"url":"https:\/\/schulen-colditz.de\/grundschulehausdorf\/wp-content\/uploads\/sites\/4\/2024\/02\/Screenshot-2024-02-01-162934.png","type":"","width":"","height":""}],"twitter_card":"summary_large_image","twitter_misc":{"Gesch\u00e4tzte Lesezeit":"2\u00a0Minuten"},"schema":{"@context":"https:\/\/schema.org","@graph":[{"@type":"WebPage","@id":"https:\/\/schulen-colditz.de\/grundschulehausdorf\/unsere-schule\/","url":"https:\/\/schulen-colditz.de\/grundschulehausdorf\/unsere-schule\/","name":"Unsere Schule - Grundschule Hausdorf","isPartOf":{"@id":"https:\/\/schulen-colditz.de\/grundschulehausdorf\/#website"},"primaryImageOfPage":{"@id":"https:\/\/schulen-colditz.de\/grundschulehausdorf\/unsere-schule\/#primaryimage"},"image":{"@id":"https:\/\/schulen-colditz.de\/grundschulehausdorf\/unsere-schule\/#primaryimage"},"thumbnailUrl":"https:\/\/schulen-colditz.de\/grundschulehausdorf\/wp-content\/uploads\/sites\/4\/2024\/02\/Screenshot-2024-02-01-162934.png","datePublished":"2021-02-13T07:56:17+00:00","dateModified":"2024-02-01T15:47:03+00:00","description":"Unsere Schule nimmt am EU-Schulprogramm teil. Durch dieses Programm erhalten alle Kinder einmal in der Woche eine kostenlose Portion Obst oder Gem\u00fcse.","breadcrumb":{"@id":"https:\/\/schulen-colditz.de\/grundschulehausdorf\/unsere-schule\/#breadcrumb"},"inLanguage":"de","potentialAction":[{"@type":"ReadAction","target":["https:\/\/schulen-colditz.de\/grundschulehausdorf\/unsere-schule\/"]}]},{"@type":"ImageObject","inLanguage":"de","@id":"https:\/\/schulen-colditz.de\/grundschulehausdorf\/unsere-schule\/#primaryimage","url":"https:\/\/schulen-colditz.de\/grundschulehausdorf\/wp-content\/uploads\/sites\/4\/2024\/02\/Screenshot-2024-02-01-162934.png","contentUrl":"https:\/\/schulen-colditz.de\/grundschulehausdorf\/wp-content\/uploads\/sites\/4\/2024\/02\/Screenshot-2024-02-01-162934.png","width":379,"height":533},{"@type":"BreadcrumbList","@id":"https:\/\/schulen-colditz.de\/grundschulehausdorf\/unsere-schule\/#breadcrumb","itemListElement":[{"@type":"ListItem","position":1,"name":"Startseite","item":"https:\/\/schulen-colditz.de\/grundschulehausdorf\/"},{"@type":"ListItem","position":2,"name":"Unsere Schule"}]},{"@type":"WebSite","@id":"https:\/\/schulen-colditz.de\/grundschulehausdorf\/#website","url":"https:\/\/schulen-colditz.de\/grundschulehausdorf\/","name":"Grundschule Hausdorf","description":"Hier erfahren Sie alles \u00fcber die Grundschule Hausdorf","publisher":{"@id":"https:\/\/schulen-colditz.de\/grundschulehausdorf\/#organization"},"potentialAction":[{"@type":"SearchAction","target":{"@type":"EntryPoint","urlTemplate":"https:\/\/schulen-colditz.de\/grundschulehausdorf\/?s={search_term_string}"},"query-input":{"@type":"PropertyValueSpecification","valueRequired":true,"valueName":"search_term_string"}}],"inLanguage":"de"},{"@type":"Organization","@id":"https:\/\/schulen-colditz.de\/grundschulehausdorf\/#organization","name":"Grundschule Hausdorf","url":"https:\/\/schulen-colditz.de\/grundschulehausdorf\/","logo":{"@type":"ImageObject","inLanguage":"de","@id":"https:\/\/schulen-colditz.de\/grundschulehausdorf\/#\/schema\/logo\/image\/","url":"https:\/\/schulen-colditz.de\/grundschulehausdorf\/wp-content\/uploads\/sites\/4\/2019\/08\/cropped-logo-hausdorf.png","contentUrl":"https:\/\/schulen-colditz.de\/grundschulehausdorf\/wp-content\/uploads\/sites\/4\/2019\/08\/cropped-logo-hausdorf.png","width":6815,"height":1405,"caption":"Grundschule Hausdorf"},"image":{"@id":"https:\/\/schulen-colditz.de\/grundschulehausdorf\/#\/schema\/logo\/image\/"}}]}},"uagb_featured_image_src":{"full":false,"thumbnail":false,"medium":false,"medium_large":false,"large":false,"1536x1536":false,"2048x2048":false,"post-thumbnail":false,"chaplin_preview_image_low_resolution":false,"chaplin_preview_image_high_resolution":false,"chaplin_fullscreen":false,"400x250-crop":false},"uagb_author_info":{"display_name":"wasner","author_link":"https:\/\/schulen-colditz.de\/grundschulehausdorf\/author\/wasner\/"},"uagb_comment_info":0,"uagb_excerpt":"Unser Hort Der Hort der Grundschule Hausdorf in Tr\u00e4gerschaft des L\u00e4ndlichen Leben e.V. ist mit auf dem Gel\u00e4nde der Grundschule Hausdorf untergebracht. Dadurch haben die Kinder kurze Wege.&hellip;","_links":{"self":[{"href":"https:\/\/schulen-colditz.de\/grundschulehausdorf\/wp-json\/wp\/v2\/pages\/406","targetHints":{"allow":["GET"]}}],"collection":[{"href":"https:\/\/schulen-colditz.de\/grundschulehausdorf\/wp-json\/wp\/v2\/pages"}],"about":[{"href":"https:\/\/schulen-colditz.de\/grundschulehausdorf\/wp-json\/wp\/v2\/types\/page"}],"author":[{"embeddable":true,"href":"https:\/\/schulen-colditz.de\/grundschulehausdorf\/wp-json\/wp\/v2\/users\/4"}],"replies":[{"embeddable":true,"href":"https:\/\/schulen-colditz.de\/grundschulehausdorf\/wp-json\/wp\/v2\/comments?post=406"}],"version-history":[{"count":0,"href":"https:\/\/schulen-colditz.de\/grundschulehausdorf\/wp-json\/wp\/v2\/pages\/406\/revisions"}],"wp:attachment":[{"href":"https:\/\/schulen-colditz.de\/grundschulehausdorf\/wp-json\/wp\/v2\/media?parent=406"}],"curies":[{"name":"wp","href":"https:\/\/api.w.org\/{rel}","templated":true}]}}